
{"id":125,"date":"2014-02-06T16:52:16","date_gmt":"2014-02-06T16:52:16","guid":{"rendered":"http:\/\/www.novosite.cmc.mg.gov.br\/?page_id=125"},"modified":"2017-01-09T14:45:02","modified_gmt":"2017-01-09T16:45:02","slug":"capitao-fontes","status":"publish","type":"page","link":"https:\/\/www.cmc.mg.gov.br\/?page_id=125","title":{"rendered":"Capit\u00e3o Fontes"},"content":{"rendered":"<h5 style=\"text-align: justify;\"><a href=\"http:\/\/www.cmc.mg.gov.br\/wordpress\/wp-content\/uploads\/2014\/02\/Cap.Fontes-2017_reduzida.jpg\" rel=\"attachment wp-att-6745\"><img loading=\"lazy\" decoding=\"async\" class=\"size-medium wp-image-6745 alignleft\" src=\"http:\/\/www.cmc.mg.gov.br\/wordpress\/wp-content\/uploads\/2014\/02\/Cap.Fontes-2017_reduzida-275x300.jpg\" alt=\"cap-fontes-2017_reduzida\" width=\"275\" height=\"300\" srcset=\"https:\/\/www.cmc.mg.gov.br\/wordpress\/wp-content\/uploads\/2014\/02\/Cap.Fontes-2017_reduzida-275x300.jpg 275w, https:\/\/www.cmc.mg.gov.br\/wordpress\/wp-content\/uploads\/2014\/02\/Cap.Fontes-2017_reduzida-768x839.jpg 768w, https:\/\/www.cmc.mg.gov.br\/wordpress\/wp-content\/uploads\/2014\/02\/Cap.Fontes-2017_reduzida-938x1024.jpg 938w\" sizes=\"auto, (max-width: 275px) 100vw, 275px\" \/><\/a>Hist\u00f3ria<\/h5>\n<p style=\"text-align: justify; padding-left: 30px;\"><strong>Cl\u00e1udio Santos Fontes<\/strong> nasceu em Belo Horizonte em 28 de julho de 1969, mas foi criado em Contagem. Vem de uma fam\u00edlia que sempre esteve envolvida com quest\u00f5es de cunho social.<\/p>\n<p style=\"text-align: justify; padding-left: 30px;\">Seus pais, Carlos Afonso Fontes e Floripes Santos Fontes, trabalharam a vida toda contribuindo para o bem estar social de diversas comunidades por onde passaram.<\/p>\n<p style=\"text-align: justify; padding-left: 30px;\">Atuando como policial militar nos \u00faltimos 25 anos e como l\u00edder crist\u00e3o h\u00e1 mais de 20, passou por diversas comunidades de Minas Gerais, colaborando nas decis\u00f5es importantes para promover o bem estar das pessoas.<\/p>\n<p style=\"text-align: justify; padding-left: 30px;\">Capit\u00e3o Fontes foi, por 12 anos, comandante da 38\u00aa Cia PM Especial em Nova Contagem, onde teve a oportunidade de se aproximar da comunidade, procurando solu\u00e7\u00f5es conjuntas para diversos problemas que afetavam a seguran\u00e7a p\u00fablica e discutindo quest\u00f5es de meio ambiente, transporte urbano, infraestrutura, limpeza urbana, combate \u00e0s drogas etc. Assim, garantiu um papel de lideran\u00e7a dentro da comunidade local.<\/p>\n<hr \/>\n<h5 style=\"text-align: justify;\">Mandatos<\/h5>\n<p style=\"text-align: justify; padding-left: 30px;\">Em seu primeiro mandato, pretende ampliar trabalhos sociais, dando \u00eanfase aos cuidados com os menos favorecidos, com aux\u00edlio \u00e0s fam\u00edlias que enfrentam problemas com drogas, criando um centro de encaminhamento e socorro aos dependentes. Outro projeto \u00e9 a cria\u00e7\u00e3o de um complexo social na regi\u00e3o de Nova Contagem, para assistir \u00e0 comunidade com assessoria jur\u00eddica, psicol\u00f3gica, cursos de capacita\u00e7\u00e3o e treinamento em v\u00e1rias \u00e1reas profissionais. Al\u00e9m disso, com sua vasta experi\u00eancia na PMMG, Capit\u00e3o Fontes acredita que poder\u00e1 colaborar com projetos de promo\u00e7\u00e3o de uma sociedade mais segura.<\/p>\n<p style=\"text-align: justify; padding-left: 30px;\">Capit\u00e3o Fontes se formou oficial da PM na Academia de Pol\u00edcia Militar e \u00e9 p\u00f3s-graduado em Especializa\u00e7\u00e3o em Seguran\u00e7a P\u00fablica pela Funda\u00e7\u00e3o Jo\u00e3o Pinheiro. Fez parte da diretoria de alguns centros de recupera\u00e7\u00e3o de dependentes qu\u00edmicos, colaborando com muitas fam\u00edlias no resgate de usu\u00e1rios. Foi instrutor de Policia Comunit\u00e1ria e Direitos Humanos em v\u00e1rios munic\u00edpios de Minas e, em Contagem, assumiu a fun\u00e7\u00e3o de coordenador de cursos e treinamento de lideres comunit\u00e1rios.<\/p>\n<p style=\"text-align: justify; padding-left: 30px;\">Sua base eleitoral s\u00e3o os bairros Nova Contagem, Nacional e Fonte Grande. Antes de assumir uma cadeira no Legislativo, concorreu nas elei\u00e7\u00f5es de 2008, pelo Partido Verde (PV). Obteve 2.287 votos, ficando como 1\u00ba Suplente. Em 2012, concorreu pelo Partido Social Democrata (PSD) e com 1.970 votos, entrou no lugar de Ivayr Soalheiro, licenciado ara assumir uma Secretaria Municipal.<\/p>\n<hr \/>\n<h5>\u00a0Contatos:<\/h5>\n<p style=\"padding-left: 30px;\"><a href=\"http:\/\/www.cmc.mg.gov.br\/wordpress\/wp-content\/uploads\/2014\/02\/Telefone.png\"><img loading=\"lazy\" decoding=\"async\" class=\"alignnone size-full wp-image-2715\" src=\"http:\/\/www.cmc.mg.gov.br\/wordpress\/wp-content\/uploads\/2014\/02\/Telefone.png\" alt=\"Telefone\" width=\"32\" height=\"32\" \/><\/a>\u00a0(31) 3359-8707\/3359-8770<\/p>\n<p style=\"padding-left: 30px;\"><a href=\"http:\/\/www.cmc.mg.gov.br\/wordpress\/wp-content\/uploads\/2014\/02\/WhatsApp.png\"><img loading=\"lazy\" decoding=\"async\" class=\"alignnone size-full wp-image-2758\" src=\"http:\/\/www.cmc.mg.gov.br\/wordpress\/wp-content\/uploads\/2014\/02\/WhatsApp.png\" alt=\"WhatsApp\" width=\"32\" height=\"32\" \/><\/a>\u00a0(31) 9189-7960<\/p>\n<p style=\"padding-left: 30px;\"><a href=\"http:\/\/www.cmc.mg.gov.br\/wordpress\/wp-content\/uploads\/2014\/02\/WhatsApp.png\"><img loading=\"lazy\" decoding=\"async\" class=\"alignnone size-full wp-image-2758\" src=\"http:\/\/www.cmc.mg.gov.br\/wordpress\/wp-content\/uploads\/2014\/02\/WhatsApp.png\" alt=\"WhatsApp\" width=\"32\" height=\"32\" \/><\/a>\u00a0(31) 8778-8300<\/p>\n<p style=\"padding-left: 30px;\"><a href=\"http:\/\/www.cmc.mg.gov.br\/wordpress\/wp-content\/uploads\/2014\/02\/Email.png\"><img loading=\"lazy\" decoding=\"async\" class=\"alignnone size-full wp-image-2716\" src=\"http:\/\/www.cmc.mg.gov.br\/wordpress\/wp-content\/uploads\/2014\/02\/Email.png\" alt=\"Email\" width=\"32\" height=\"32\" \/><\/a>\u00a0<a title=\"capitaofontes@gmail.com\" href=\"mailto:capitaofontes@gmail.com\" target=\"_blank\">capitaofontes@gmail.com<\/a><\/p>\n<hr \/>\n<h5>Redes Sociais<\/h5>\n<p style=\"padding-left: 30px;\"><a href=\"http:\/\/www.cmc.mg.gov.br\/wordpress\/wp-content\/uploads\/2014\/02\/Facebook.png\"><img loading=\"lazy\" decoding=\"async\" class=\"alignnone size-full wp-image-2709\" src=\"http:\/\/www.cmc.mg.gov.br\/wordpress\/wp-content\/uploads\/2014\/02\/Facebook.png\" alt=\"Facebook\" width=\"32\" height=\"32\" \/><\/a>\u00a0<a title=\"facebook.com\/capitao.fontes.3\" href=\"http:\/\/facebook.com\/capitao.fontes.3\" target=\"_blank\">facebook.com\/capitao.fontes.3<\/a><\/p>\n<hr \/>\n<h5>Fale\u00a0direto<\/h5>\n<p style=\"padding-left: 30px;\"><a href=\"http:\/\/www.cmc.mg.gov.br\/wordpress\/wp-content\/uploads\/2014\/02\/FaleConosco.png\"><img loading=\"lazy\" decoding=\"async\" class=\"alignnone size-full wp-image-2788\" src=\"http:\/\/www.cmc.mg.gov.br\/wordpress\/wp-content\/uploads\/2014\/02\/FaleConosco.png\" alt=\"Fale Conosco\" width=\"32\" height=\"32\" \/><\/a>\u00a0Voc\u00ea pode se comunicar com o Vereador <strong>Capit\u00e3o Fontes<\/strong> atrav\u00e9s do formul\u00e1rio abaixo.\u00a0A mensagem enviada ser\u00e1 entregue diretamente em seu gabinete para que o vereador possa analisar e tomar as a\u00e7\u00f5es necess\u00e1rias.<\/p>\n<p>[contact-form-7 id=&#8221;2705&#8243; title=&#8221;Contato Capitao Fontes&#8221;]<\/p>\n<hr \/>\n<h4>Partido Pol\u00edtico<\/h4>\n<p>O Vereador\u00a0<strong>Capit\u00e3o Fontes<\/strong>\u00a0\u00e9 filiado ao\u00a0<strong>Partido Social Democr\u00e1tico<\/strong>\u00a0(PSD), entre em contato com o partido atrav\u00e9s dos links abaixo:<\/p>\n<p style=\"padding-left: 30px;\"><a href=\"http:\/\/www.cmc.mg.gov.br\/wordpress\/wp-content\/uploads\/2014\/02\/Web.png\"><img loading=\"lazy\" decoding=\"async\" class=\"alignnone size-full wp-image-2731\" src=\"http:\/\/www.cmc.mg.gov.br\/wordpress\/wp-content\/uploads\/2014\/02\/Web.png\" alt=\"Web\" width=\"32\" height=\"32\" \/><\/a>\u00a0<a title=\"www.psd.org.br\" href=\"www.psd.org.br\" target=\"_blank\">www.psd.org.br<\/a><\/p>\n<p style=\"padding-left: 30px;\"><a href=\"http:\/\/www.cmc.mg.gov.br\/wordpress\/wp-content\/uploads\/2014\/02\/Twitter.png\"><img loading=\"lazy\" decoding=\"async\" class=\"alignnone size-full wp-image-2728\" src=\"http:\/\/www.cmc.mg.gov.br\/wordpress\/wp-content\/uploads\/2014\/02\/Twitter.png\" alt=\"Twitter\" width=\"32\" height=\"32\" \/><\/a>\u00a0<a title=\"https:\/\/twitter.com\/PSD_55\" href=\"https:\/\/twitter.com\/PSD_55\" target=\"_blank\">@PSD_55<\/a><\/p>\n<p style=\"padding-left: 30px;\"><a href=\"http:\/\/www.cmc.mg.gov.br\/wordpress\/wp-content\/uploads\/2014\/02\/Facebook.png\"><img loading=\"lazy\" decoding=\"async\" class=\"alignnone size-full wp-image-2709\" src=\"http:\/\/www.cmc.mg.gov.br\/wordpress\/wp-content\/uploads\/2014\/02\/Facebook.png\" alt=\"Facebook\" width=\"32\" height=\"32\" \/><\/a>\u00a0<a title=\"https:\/\/www.facebook.com\/psd.br\" href=\"https:\/\/www.facebook.com\/psd.br\" target=\"_blank\">@psd.br<\/a><\/p>\n","protected":false},"excerpt":{"rendered":"<p>Hist\u00f3ria Cl\u00e1udio Santos Fontes nasceu em Belo Horizonte em 28 de julho de 1969, mas foi criado em Contagem. Vem de uma fam\u00edlia que sempre esteve envolvida com quest\u00f5es de cunho social. Seus pais, Carlos Afonso Fontes e Floripes Santos Fontes, trabalharam a vida toda contribuindo para o bem estar social de diversas comunidades por &hellip; <a href=\"https:\/\/www.cmc.mg.gov.br\/?page_id=125\" class=\"more-link\">Continue lendo <span class=\"screen-reader-text\">Capit\u00e3o Fontes<\/span> <span class=\"meta-nav\">&rarr;<\/span><\/a><\/p>\n","protected":false},"author":1,"featured_media":0,"parent":169,"menu_order":0,"comment_status":"closed","ping_status":"closed","template":"","meta":{"_exactmetrics_skip_tracking":false,"_exactmetrics_sitenote_active":false,"_exactmetrics_sitenote_note":"","_exactmetrics_sitenote_category":0,"footnotes":""},"class_list":["post-125","page","type-page","status-publish","hentry"],"_links":{"self":[{"href":"https:\/\/www.cmc.mg.gov.br\/index.php?rest_route=\/wp\/v2\/pages\/125","targetHints":{"allow":["GET"]}}],"collection":[{"href":"https:\/\/www.cmc.mg.gov.br\/index.php?rest_route=\/wp\/v2\/pages"}],"about":[{"href":"https:\/\/www.cmc.mg.gov.br\/index.php?rest_route=\/wp\/v2\/types\/page"}],"author":[{"embeddable":true,"href":"https:\/\/www.cmc.mg.gov.br\/index.php?rest_route=\/wp\/v2\/users\/1"}],"replies":[{"embeddable":true,"href":"https:\/\/www.cmc.mg.gov.br\/index.php?rest_route=%2Fwp%2Fv2%2Fcomments&post=125"}],"version-history":[{"count":26,"href":"https:\/\/www.cmc.mg.gov.br\/index.php?rest_route=\/wp\/v2\/pages\/125\/revisions"}],"predecessor-version":[{"id":6746,"href":"https:\/\/www.cmc.mg.gov.br\/index.php?rest_route=\/wp\/v2\/pages\/125\/revisions\/6746"}],"up":[{"embeddable":true,"href":"https:\/\/www.cmc.mg.gov.br\/index.php?rest_route=\/wp\/v2\/pages\/169"}],"wp:attachment":[{"href":"https:\/\/www.cmc.mg.gov.br\/index.php?rest_route=%2Fwp%2Fv2%2Fmedia&parent=125"}],"curies":[{"name":"wp","href":"https:\/\/api.w.org\/{rel}","templated":true}]}}

Capitão Fontes

<h5 style="text-align: justify;"><a href="http://www.cmc.mg.gov.br/wordpress/wp-content/uploads/2014/02/Cap.Fontes-2017_reduzida.jpg" rel="attachment wp-att-6745"><img loading="lazy" decoding="async" class="size-medium wp-image-6745 alignleft" src="http://www.cmc.mg.gov.br/wordpress/wp-content/uploads/2014/02/Cap.Fontes-2017_reduzida-275x300.jpg" alt="cap-fontes-2017_reduzida" width="275" height="300" srcset="https://www.cmc.mg.gov.br/wordpress/wp-content/uploads/2014/02/Cap.Fontes-2017_reduzida-275x300.jpg 275w, https://www.cmc.mg.gov.br/wordpress/wp-content/uploads/2014/02/Cap.Fontes-2017_reduzida-768x839.jpg 768w, https://www.cmc.mg.gov.br/wordpress/wp-content/uploads/2014/02/Cap.Fontes-2017_reduzida-938x1024.jpg 938w" sizes="auto, (max-width: 275px) 100vw, 275px" /></a>História</h5>
<p style="text-align: justify; padding-left: 30px;"><strong>Cláudio Santos Fontes</strong> nasceu em Belo Horizonte em 28 de julho de 1969, mas foi criado em Contagem. Vem de uma família que sempre esteve envolvida com questões de cunho social.</p>
<p style="text-align: justify; padding-left: 30px;">Seus pais, Carlos Afonso Fontes e Floripes Santos Fontes, trabalharam a vida toda contribuindo para o bem estar social de diversas comunidades por onde passaram.</p>
<p style="text-align: justify; padding-left: 30px;">Atuando como policial militar nos últimos 25 anos e como líder cristão há mais de 20, passou por diversas comunidades de Minas Gerais, colaborando nas decisões importantes para promover o bem estar das pessoas.</p>
<p style="text-align: justify; padding-left: 30px;">Capitão Fontes foi, por 12 anos, comandante da 38ª Cia PM Especial em Nova Contagem, onde teve a oportunidade de se aproximar da comunidade, procurando soluções conjuntas para diversos problemas que afetavam a segurança pública e discutindo questões de meio ambiente, transporte urbano, infraestrutura, limpeza urbana, combate às drogas etc. Assim, garantiu um papel de liderança dentro da comunidade local.</p>
<hr />
<h5 style="text-align: justify;">Mandatos</h5>
<p style="text-align: justify; padding-left: 30px;">Em seu primeiro mandato, pretende ampliar trabalhos sociais, dando ênfase aos cuidados com os menos favorecidos, com auxílio às famílias que enfrentam problemas com drogas, criando um centro de encaminhamento e socorro aos dependentes. Outro projeto é a criação de um complexo social na região de Nova Contagem, para assistir à comunidade com assessoria jurídica, psicológica, cursos de capacitação e treinamento em várias áreas profissionais. Além disso, com sua vasta experiência na PMMG, Capitão Fontes acredita que poderá colaborar com projetos de promoção de uma sociedade mais segura.</p>
<p style="text-align: justify; padding-left: 30px;">Capitão Fontes se formou oficial da PM na Academia de Polícia Militar e é pós-graduado em Especialização em Segurança Pública pela Fundação João Pinheiro. Fez parte da diretoria de alguns centros de recuperação de dependentes químicos, colaborando com muitas famílias no resgate de usuários. Foi instrutor de Policia Comunitária e Direitos Humanos em vários municípios de Minas e, em Contagem, assumiu a função de coordenador de cursos e treinamento de lideres comunitários.</p>
<p style="text-align: justify; padding-left: 30px;">Sua base eleitoral são os bairros Nova Contagem, Nacional e Fonte Grande. Antes de assumir uma cadeira no Legislativo, concorreu nas eleições de 2008, pelo Partido Verde (PV). Obteve 2.287 votos, ficando como 1º Suplente. Em 2012, concorreu pelo Partido Social Democrata (PSD) e com 1.970 votos, entrou no lugar de Ivayr Soalheiro, licenciado ara assumir uma Secretaria Municipal.</p>
<hr />
<h5> Contatos:</h5>
<p style="padding-left: 30px;"><a href="http://www.cmc.mg.gov.br/wordpress/wp-content/uploads/2014/02/Telefone.png"><img loading="lazy" decoding="async" class="alignnone size-full wp-image-2715" src="http://www.cmc.mg.gov.br/wordpress/wp-content/uploads/2014/02/Telefone.png" alt="Telefone" width="32" height="32" /></a> (31) 3359-8707/3359-8770</p>
<p style="padding-left: 30px;"><a href="http://www.cmc.mg.gov.br/wordpress/wp-content/uploads/2014/02/WhatsApp.png"><img loading="lazy" decoding="async" class="alignnone size-full wp-image-2758" src="http://www.cmc.mg.gov.br/wordpress/wp-content/uploads/2014/02/WhatsApp.png" alt="WhatsApp" width="32" height="32" /></a> (31) 9189-7960</p>
<p style="padding-left: 30px;"><a href="http://www.cmc.mg.gov.br/wordpress/wp-content/uploads/2014/02/WhatsApp.png"><img loading="lazy" decoding="async" class="alignnone size-full wp-image-2758" src="http://www.cmc.mg.gov.br/wordpress/wp-content/uploads/2014/02/WhatsApp.png" alt="WhatsApp" width="32" height="32" /></a> (31) 8778-8300</p>
<p style="padding-left: 30px;"><a href="http://www.cmc.mg.gov.br/wordpress/wp-content/uploads/2014/02/Email.png"><img loading="lazy" decoding="async" class="alignnone size-full wp-image-2716" src="http://www.cmc.mg.gov.br/wordpress/wp-content/uploads/2014/02/Email.png" alt="Email" width="32" height="32" /></a> <a title="capitaofontes@gmail.com" href="mailto:capitaofontes@gmail.com" target="_blank">capitaofontes@gmail.com</a></p>
<hr />
<h5>Redes Sociais</h5>
<p style="padding-left: 30px;"><a href="http://www.cmc.mg.gov.br/wordpress/wp-content/uploads/2014/02/Facebook.png"><img loading="lazy" decoding="async" class="alignnone size-full wp-image-2709" src="http://www.cmc.mg.gov.br/wordpress/wp-content/uploads/2014/02/Facebook.png" alt="Facebook" width="32" height="32" /></a> <a title="facebook.com/capitao.fontes.3" href="http://facebook.com/capitao.fontes.3" target="_blank">facebook.com/capitao.fontes.3</a></p>
<hr />
<h5>Fale direto</h5>
<p style="padding-left: 30px;"><a href="http://www.cmc.mg.gov.br/wordpress/wp-content/uploads/2014/02/FaleConosco.png"><img loading="lazy" decoding="async" class="alignnone size-full wp-image-2788" src="http://www.cmc.mg.gov.br/wordpress/wp-content/uploads/2014/02/FaleConosco.png" alt="Fale Conosco" width="32" height="32" /></a> Você pode se comunicar com o Vereador <strong>Capitão Fontes</strong> através do formulário abaixo. A mensagem enviada será entregue diretamente em seu gabinete para que o vereador possa analisar e tomar as ações necessárias.</p>
<p>[contact-form-7 id=&#8221;2705&#8243; title=&#8221;Contato Capitao Fontes&#8221;]</p>
<hr />
<h4>Partido Político</h4>
<p>O Vereador <strong>Capitão Fontes</strong> é filiado ao <strong>Partido Social Democrático</strong> (PSD), entre em contato com o partido através dos links abaixo:</p>
<p style="padding-left: 30px;"><a href="http://www.cmc.mg.gov.br/wordpress/wp-content/uploads/2014/02/Web.png"><img loading="lazy" decoding="async" class="alignnone size-full wp-image-2731" src="http://www.cmc.mg.gov.br/wordpress/wp-content/uploads/2014/02/Web.png" alt="Web" width="32" height="32" /></a> <a title="www.psd.org.br" href="www.psd.org.br" target="_blank">www.psd.org.br</a></p>
<p style="padding-left: 30px;"><a href="http://www.cmc.mg.gov.br/wordpress/wp-content/uploads/2014/02/Twitter.png"><img loading="lazy" decoding="async" class="alignnone size-full wp-image-2728" src="http://www.cmc.mg.gov.br/wordpress/wp-content/uploads/2014/02/Twitter.png" alt="Twitter" width="32" height="32" /></a> <a title="https://twitter.com/PSD_55" href="https://twitter.com/PSD_55" target="_blank">@PSD_55</a></p>
<p style="padding-left: 30px;"><a href="http://www.cmc.mg.gov.br/wordpress/wp-content/uploads/2014/02/Facebook.png"><img loading="lazy" decoding="async" class="alignnone size-full wp-image-2709" src="http://www.cmc.mg.gov.br/wordpress/wp-content/uploads/2014/02/Facebook.png" alt="Facebook" width="32" height="32" /></a> <a title="https://www.facebook.com/psd.br" href="https://www.facebook.com/psd.br" target="_blank">@psd.br</a></p>

<p>História Cláudio Santos Fontes nasceu em Belo Horizonte em 28 de julho de 1969, mas foi criado em Contagem. Vem de uma família que sempre esteve envolvida com questões de cunho social. Seus pais, Carlos Afonso Fontes e Floripes Santos Fontes, trabalharam a vida toda contribuindo para o bem estar social de diversas comunidades por &hellip; <a href="https://www.cmc.mg.gov.br/?page_id=125" class="more-link">Continue lendo <span class="screen-reader-text">Capitão Fontes</span> <span class="meta-nav">&rarr;</span></a></p>
