
{"id":2868,"date":"2015-01-27T14:20:53","date_gmt":"2015-01-27T17:20:53","guid":{"rendered":"http:\/\/www.cmc.mg.gov.br\/?page_id=2868"},"modified":"2015-11-04T10:26:41","modified_gmt":"2015-11-04T12:26:41","slug":"comissao-de-meio-ambiente-politica-urbana-rural-e-habitacao","status":"publish","type":"page","link":"https:\/\/www.cmc.mg.gov.br\/?page_id=2868","title":{"rendered":"Comiss\u00e3o de Meio Ambiente, Pol\u00edtica Urbana, Rural e Habita\u00e7\u00e3o"},"content":{"rendered":"<p>A Comiss\u00e3o de Meio Ambiente, Pol\u00edtica Urbana e Rural e Habita\u00e7\u00e3o ter\u00e1 representantes dos tr\u00eas partidos que apresentarem maior o produto do inverso da raz\u00e3o entre o n\u00famero de membros da C\u00e2mara, dispon\u00edveis para a forma\u00e7\u00e3o das comiss\u00f5es e o n\u00famero de membros previsto para cada comiss\u00e3o, pela express\u00e3o num\u00e9rica que represente os membros de cada partido, j\u00e1 deduzidos aqueles regimentalmente impedidos e os que fa\u00e7am parte das demais comiss\u00f5es permanentes.<\/p>\n<p>\u00c0s comiss\u00f5es permanentes compete examinar e emitir parecer sobre mat\u00e9rias submetidas a seu exame e especificamente:<\/p>\n<ul>\n<li>Pol\u00edtica e desenvolvimento urbano-rural;<\/li>\n<li>Direito urban\u00edstico local;<\/li>\n<li>Plano diretor, planejamento urbano, parcelamento, ocupa\u00e7\u00e3o e uso do solo urbano; transfer\u00eancia do direito de construir;<\/li>\n<li>Posturas municipais;<\/li>\n<li>Pol\u00edtica habitacional;<\/li>\n<li>Pol\u00edtica, planos plurianuais e programas de meio ambiente, direito ambiental e legisla\u00e7\u00e3o de defesa ecol\u00f3gica locais;<\/li>\n<li>Preserva\u00e7\u00e3o da fauna e flora; conserva\u00e7\u00e3o da natureza, defesa do solo e dos recursos naturais e controle de polui\u00e7\u00e3o.<\/li>\n<\/ul>\n<p>Maiores detalhes podem ser obtidos no\u00a0<a title=\"http:\/\/www.cmc.mg.gov.br\/?page_id=1471\" href=\"http:\/\/www.cmc.mg.gov.br\/?page_id=1471\" target=\"_blank\">Regimento Interno<\/a>\u00a0da C\u00e2mara Municipal de Contagem<\/p>\n<hr \/>\n<h4>Representantes 2015-2016<\/h4>\n<h5>Titulares<\/h5>\n<ul>\n<li>Presidente:\u00a0<a href=\"http:\/\/www.cmc.mg.gov.br\/?page_id=3003\">Daniel Carvalho<\/a><\/li>\n<li>Vice-Presidente:\u00a0<a title=\"http:\/\/www.cmc.mg.gov.br\/?page_id=143\" href=\"http:\/\/www.cmc.mg.gov.br\/?page_id=143\">Decinho Camargos<\/a><\/li>\n<li>Relator:\u00a0<a title=\"http:\/\/www.cmc.mg.gov.br\/?page_id=94\" href=\"http:\/\/www.cmc.mg.gov.br\/?page_id=94\">Eduardo Sendon<\/a><\/li>\n<\/ul>\n<h5>Suplentes<\/h5>\n<ul>\n<li>Presidente:\u00a0<a title=\"http:\/\/www.cmc.mg.gov.br\/?page_id=109\" href=\"http:\/\/www.cmc.mg.gov.br\/?page_id=109\">Obelino Marques<\/a><\/li>\n<li>Vice-Presidente:\u00a0<a href=\"http:\/\/www.cmc.mg.gov.br\/?page_id=103\">Z\u00e9 de Souza<\/a><\/li>\n<li>Relator:\u00a0<a title=\"http:\/\/www.cmc.mg.gov.br\/?page_id=923\" href=\"http:\/\/www.cmc.mg.gov.br\/?page_id=923\">Jair Tropical<\/a><\/li>\n<\/ul>\n<h4>Representantes 2013-2014<\/h4>\n<h5>Titulares<\/h5>\n<ul>\n<li>Presidente:\u00a0<a title=\"http:\/\/www.cmc.mg.gov.br\/?page_id=137\" href=\"http:\/\/www.cmc.mg.gov.br\/?page_id=137\">William Barreiro<\/a><\/li>\n<li>Vice-Presidente:\u00a0<a title=\"http:\/\/www.cmc.mg.gov.br\/?page_id=143\" href=\"http:\/\/www.cmc.mg.gov.br\/?page_id=143\">Decinho Camargos<\/a><\/li>\n<li>Relator:\u00a0<a title=\"http:\/\/www.cmc.mg.gov.br\/?page_id=94\" href=\"http:\/\/www.cmc.mg.gov.br\/?page_id=94\">Eduardo Sendon<\/a><\/li>\n<\/ul>\n<h5>Suplentes<\/h5>\n<ul>\n<li>Presidente:\u00a0<a title=\"http:\/\/www.cmc.mg.gov.br\/?page_id=109\" href=\"http:\/\/www.cmc.mg.gov.br\/?page_id=109\">Obelino Marques<\/a><\/li>\n<li>Vice-Presidente:\u00a0<a title=\"http:\/\/www.cmc.mg.gov.br\/?page_id=122\" href=\"http:\/\/www.cmc.mg.gov.br\/?page_id=122\">Ricardo Faria<\/a><\/li>\n<li>Relator:\u00a0<a title=\"http:\/\/www.cmc.mg.gov.br\/?page_id=923\" href=\"http:\/\/www.cmc.mg.gov.br\/?page_id=923\">Jair Tropical<\/a><\/li>\n<\/ul>\n","protected":false},"excerpt":{"rendered":"<p>A Comiss\u00e3o de Meio Ambiente, Pol\u00edtica Urbana e Rural e Habita\u00e7\u00e3o ter\u00e1 representantes dos tr\u00eas partidos que apresentarem maior o produto do inverso da raz\u00e3o entre o n\u00famero de membros da C\u00e2mara, dispon\u00edveis para a forma\u00e7\u00e3o das comiss\u00f5es e o n\u00famero de membros previsto para cada comiss\u00e3o, pela express\u00e3o num\u00e9rica que represente os membros de &hellip; <a href=\"https:\/\/www.cmc.mg.gov.br\/?page_id=2868\" class=\"more-link\">Continue lendo <span class=\"screen-reader-text\">Comiss\u00e3o de Meio Ambiente, Pol\u00edtica Urbana, Rural e Habita\u00e7\u00e3o<\/span> <span class=\"meta-nav\">&rarr;<\/span><\/a><\/p>\n","protected":false},"author":1,"featured_media":0,"parent":0,"menu_order":0,"comment_status":"closed","ping_status":"closed","template":"","meta":{"_exactmetrics_skip_tracking":false,"_exactmetrics_sitenote_active":false,"_exactmetrics_sitenote_note":"","_exactmetrics_sitenote_category":0,"footnotes":""},"class_list":["post-2868","page","type-page","status-publish","hentry"],"_links":{"self":[{"href":"https:\/\/www.cmc.mg.gov.br\/index.php?rest_route=\/wp\/v2\/pages\/2868","targetHints":{"allow":["GET"]}}],"collection":[{"href":"https:\/\/www.cmc.mg.gov.br\/index.php?rest_route=\/wp\/v2\/pages"}],"about":[{"href":"https:\/\/www.cmc.mg.gov.br\/index.php?rest_route=\/wp\/v2\/types\/page"}],"author":[{"embeddable":true,"href":"https:\/\/www.cmc.mg.gov.br\/index.php?rest_route=\/wp\/v2\/users\/1"}],"replies":[{"embeddable":true,"href":"https:\/\/www.cmc.mg.gov.br\/index.php?rest_route=%2Fwp%2Fv2%2Fcomments&post=2868"}],"version-history":[{"count":4,"href":"https:\/\/www.cmc.mg.gov.br\/index.php?rest_route=\/wp\/v2\/pages\/2868\/revisions"}],"predecessor-version":[{"id":3152,"href":"https:\/\/www.cmc.mg.gov.br\/index.php?rest_route=\/wp\/v2\/pages\/2868\/revisions\/3152"}],"wp:attachment":[{"href":"https:\/\/www.cmc.mg.gov.br\/index.php?rest_route=%2Fwp%2Fv2%2Fmedia&parent=2868"}],"curies":[{"name":"wp","href":"https:\/\/api.w.org\/{rel}","templated":true}]}}